 + -26?
-3455534
In base 5, what is -204411 + -213141?
-423102
In base 5, what is -102133434041 + 43?
-102133433443
In base 15, what is 3b70a07 - -2?
3b70a09
In base 15, what is -1 - 29369a?
-29369b
In base 5, what is -21404 - -404444?
333040
In base 15, what is 16397 + -46?
16351
In base 10, what is -7957046 - 1?
-7957047
In base 14, what is 193 + 21234?
213c7
In base 15, what is -120 - -d4c?
c2c
In base 2, what is -1111110010100101000011 + 11?
-1111110010100101000000
In base 15, what is -123374d + 2?
-123374b
In base 8, what is 17 + -6577756?
-6577737
In base 11, what is 5 + 17204a1?
17204a6
In base 12, what is 5 + -6630867?
-6630862
In base 5, what is 344023 - 3100?
340423
In base 7, what is 45562605 - 5?
45562600
In base 10, what is -14 + -13410319?
-13410333
In base 10, what is -1193 - -101964?
100771
In base 9, what is -4 - 11578636?
-11578641
In base 14, what is 13342dc - -1?
13342dd
In base 4, what is 1113 - 101033210?
-101032031
In base 6, what is 23535555312 - -3?
23535555315
In base 16, what is -4 - -8b11ad?
8b11a9
In base 15, what is 13bd + 1120?
24dd
In base 6, what is -13115 + -24000?
-41115
In base 15, what is -8 + -29c935a?
-29c9363
In base 6, what is -25152 - 1124411?
-1154003
In base 8, what is -1006023 - -211?
-1005612
In base 16, what is -74 - -1e35a?
1e2e6
In base 5, what is 11034303113 + -3?
11034303110
In base 6, what is 205253553 - 2?
205253551
In base 5, what is 23023 + -1413101?
-1340023
In base 3, what is 11021112211120 + -1001?
11021112210112
In base 5, what is -1023104 - -304?
-1022300
In base 11, what is -26 - 11a887?
-11a902
In base 11, what is 42056aa + -6?
42056a4
In base 8, what is 3 - -1237465615?
1237465620
In base 2, what is -1100 - -100000111100011100010111?
100000111100011100001011
In base 2, what is 1011110100000000001101 + 100010?
1011110100000000101111
In base 11, what is 3 - -2220298?
22202a0
In base 12, what is -1b891 + -7b?
-1b950
In base 15, what is 4593b1 + 33?
4593e4
In base 2, what is -11000011111000010011100 + 10?
-11000011111000010011010
In base 6, what is 2354311 - 4?
2354303
In base 12, what is 6a - -10605b1?
106065b
In base 3, what is -10 + 1020222220101?
1020222220021
In base 16, what is -4545 - -16a?
-43db
In base 9, what is 1 + -36524246?
-36524245
In base 11, what is 17428584 - 2?
17428582
In base 10, what is -35 - 30669994?
-30670029
In base 3, what is -201011002120 - -102?
-201011002011
In base 6, what is 202350500 + -1035?
202345421
In base 7, what is -341160 + 3411?
-334446
In base 15, what is -3d19 + d09?
-3010
In base 11, what is 2418 - -15a90?
183a8
In base 3, what is 10 - 1011011100112121?
-1011011100112111
In base 7, what is -11560463 + 560?
-11556603
In base 14, what is 38178a + 3?
38178d
In base 16, what is -1 - 1b4ef1?
-1b4ef2
In base 7, what is -6501 - -11343?
1542
In base 5, what is 1234410324 + -3?
1234410321
In base 13, what is 32930a8 + -22?
3293086
In base 8, what is 10 - 300377377?
-300377367
In base 14, what is 2c75 - -12c?
2da3
In base 5, what is 2 - -1333314220?
1333314222
In base 12, what is -365 - -92a3?
8b3a
In base 13, what is 3819 - -434b7?
47003
In base 4, what is 2001311 - -2032011?
10033322
In base 14, what is 3d8abaa - 2?
3d8aba8
In base 8, what is -415631102 + 1?
-415631101
In base 10, what is -521071 + 3?
-521068
In base 13, what is -2 + 688130?
68812b
In base 15, what is -e - -62970d?
6296ee
In base 9, what is -210086 - -7508?
-201477
In base 8, what is 620137 - -2046?
622205
In base 16, what is 57 - 2329?
-22d2
In base 16, what is -b2 - -52de34?
52dd82
In base 2, what is -1010101 + -100110011110110101?
-100110100000001010
In base 6, what is -20433 - 1152400?
-1213233
In base 12, what is 16a5089 + -5?
16a5084
In base 9, what is -17232514 + 40?
-17232464
In base 10, what is -77 - 9650903?
-9650980
In base 15, what is -924 - 245?
-b69
In base 9, what is -6 - -3338432?
3338425
In base 7, what is 105333462 - -44?
105333536
In base 11, what is -48 + -292a78?
-293015
In base 10, what is -3 - -258814?
258811
In base 9, what is 1676 + -53144?
-51357
In base 6, what is 4 + 441530513?
441530521
In base 8, what is 7534 - -177712?
207446
In base 9, what is -220772200 - 5?
-220772205
In base 5, what is 434 - -4441010?
4441444
In base 8, what is 11 - 106123042?
-106123031
In base 9, what is 2683 - 788?
1784
In base 2, what is -100011111101 - -100010110101010101?
100010010001011000
In base 9, what is 4446 - -1406?
5853
In base 4, what is -233 - -2012111001?
2012110102
In base 2, what is 0 + 1001100010011111010010?
1001100010011111010010
In base 8, what is 3331 + -5753?
-2422
In base 7, what is 240532 + -6436?
231063
In base 8, what is -46476 + 20?
-46456
In base 3, what is -1001 + 1220100020200?
1220100012122
In base 13, what is 63905614 - 5?
6390560c
In base 13, what is -1 - 28a58cc?
-28a5900
In base 11, what is -5 + 11368279?
11368274
In base 10, what is -15 + 1021651?
1021636
In base 14, what is d1ba3 - -51?
d1c14
In base 15, what is -787 - -236a8?
22e21
In base 5, what is 3422432 - 23?
3422404
In base 7, what is 1 + 46046645?
46046646
In base 15, what is -e5429c + -5?
-e542a2
In base 8, what is 3 - -10453150?
10453153
In base 2, what is 101000111110110 + -101111?
101000111000111
In base 16, what is -5f12e + 1c?
-5f112
In base 16, what is 65430b + a?
654315
In base 2, what is -100010101110001000110000 - 111000?
-100010101110001001101000
In base 5, what is -3002010031 - 4?
-3002010040
In base 8, what is -10647661 - -132?
-10647527
In base 7, what is -645 - 6362530?
-6363505
In base 3, what is 11112012010202 + -12?
11112012010120
In base 5, what is 230 - -400421242?
400422022
In base 14, what is 1a - 118088c?
-1180872
In base 6, what is -5 + -32325512352?
-32325512401
In base 4, what is 2103011333101 - 0?
2103011333101
In base 12, what is -252 - 652249?
-65249b
In base 11, what is 6 + 629006?
629011
In base 4, what is -30000123 + -300?
-30001023
In base 10, what is 9704 + 27?
9731
In base 15, what is -45bd2 - -1223?
-449ae
In base 3, what is 12 + 1210112000110?
1210112000122
In base 12, what is -398b + -28aa?
-6679
In base 5, what is 22311424 + 320?
22312244
In base 16, what is -16362 - 1a?
-1637c
In base 4, what is -22232 - 3212001?
-3300233
In base 14, what is -49dd671 + 0?
-49dd671
In base 9, what is -176514 + -5647?
-183262
In base 15, what is -14c788 - -b2?
-14c6c6
In base 7, what is 335624 + -5?
335616
In base 13, what is -190507ba - 1?
-190507bb
In base 10, what is 18186478 + 5?
18186483
In base 16, what is 14 - -1afc5a?
1afc6e
In base 6, what is 40340314 + -52?
40340222
In base 4, what is -301001303 + 22021?
-300313222
In base 7, what is -240 + 6601362?
6601122
In base 16, what is 50802 + -5?
507fd
In base 9, what is -61607 + -2483?
-64201
In base 16, what is c3 - -2e493?
2e556
In base 6, what is 2235123 - -142?
2235305
In base 14, what is 102a73 - -159?
102bcc
In base 5, what is -220112 + 132103?
-33004
In base 2, what is -101111101010110110 - -101011110100?
-101110111111000010
In base 2, what is 110111101111110000011110 + 1101?
110111101111110000101011
In base 6, what is 5 + -202153333?
-202153324
In base 15, what is -182 - 1888?
-1a1a
In base 5, what is -32 - 1141131322?
-1141131404
In base 15, what is -235 + -26ad9?
-26d1e
In base 2, what is 10001011001010 + -100001000110?
1101010000100
In base 10, what is 167 + -70208?
-70041
In base 6, what is -10 - -5202030?
5202020
In base 15, what is 1430 - -1726?
2b56
In base 7, what is -622456 - 4?
-622463
In base 7, what is -60 - -5003531?
5003441
In base 15, what is -5d0918 - 1?
-5d0919
In base 15, what is 4 + 460470?
460474
In base 6, what is -3 + 402352400?
402352353
In base 2, what is 10101110011110011 + 10000111?
10101110101111010
In base 6, what is 3003035 - -13212?
3020251
In base 3, what is -2200002122 + 101010?
-2122201112
In base 10, what is -654063 - -47?
-654016
In base 13, what is -2647 + -a13?
-335a
In base 16, what is 7327 + -cb1?
6676
In base 7, what is 444403 - 112?
444261
In base 5, what is 410 - 2212024?
-2211114
In base 16, what is 1e2084 - 14?
1e2070
In base 6, what is -134201 - 51400?
-230001
In base 13, what is -15 + -c833a4?
-c833b9
In base 10, what is -4 - -19162111?
19162107
In base 14, what is -5 + 8cc9709?
8cc9704
In base 12, what is 42b8ba1 + -33?
42b8b6a
In base 4, what is 0 + -2